139345407 is divided by 51?
45
Calculate the remainder when 235875 is divided by 78324.
903
What is the remainder when 3024962 is divided by 172?
170
What is the remainder when 27062980 is divided by 8?
4
Calculate the remainder when 1218622 is divided by 48.
46
What is the remainder when 23189183 is divided by 1035?
8
Calculate the remainder when 82269679 is divided by 39.
37
Calculate the remainder when 90556770 is divided by 45278379.
12
Calculate the remainder when 7373785 is divided by 7173.
7114
What is the remainder when 177505 is divided by 3998?
1593
Calculate the remainder when 292100733 is divided by 292100733.
0
Calculate the remainder when 26478 is divided by 808.
622
What is the remainder when 14497789 is divided by 302?
279
What is the remainder when 313198 is divided by 6?
4
What is the remainder when 31695091 is divided by 8354?
15
What is the remainder when 11229179 is divided by 3777?
158
Calculate the remainder when 126711796 is divided by 100.
96
What is the remainder when 80608 is divided by 1366?
14
Calculate the remainder when 1055447 is divided by 92.
23
What is the remainder when 2477111 is divided by 6588?
23
What is the remainder when 850734 is divided by 121531?
17
Calculate the remainder when 19682 is divided by 15552.
4130
Calculate the remainder when 17033626 is divided by 13.
12
What is the remainder when 103233287 is divided by 312?
287
What is the remainder when 37612298 is divided by 20?
18
Calculate the remainder when 684770 is divided by 85577.
154
Calculate the remainder when 1625414 is divided by 94.
60
What is the remainder when 2581446 is divided by 184387?
28
What is the remainder when 5151727 is divided by 24183?
748
Calculate the remainder when 2292769 is divided by 763924.
997
Calculate the remainder when 2409547 is divided by 86.
85
What is the remainder when 2503942 is divided by 143?
12
Calculate the remainder when 4132120 is divided by 11320.
320
Calculate the remainder when 76456 is divided by 3324.
4
Calculate the remainder when 4988506 is divided by 1662827.
25
Calculate the remainder when 276298721 is divided by 34.
33
What is the remainder when 47552380 is divided by 1011?
1006
Calculate the remainder when 4056558 is divided by 1014008.
526
What is the remainder when 195162 is divided by 677?
186
Calculate the remainder when 93843 is divided by 93712.
131
Calculate the remainder when 36344916 is divided by 29.
28
What is the remainder when 177467 is divided by 5723?
54
Calculate the remainder when 475683 is divided by 3.
0
What is the remainder when 398945 is divided by 56974?
127
Calculate the remainder when 2461772 is divided by 1.
0
Calculate the remainder when 27349 is divided by 23388.
3961
Calculate the remainder when 789395 is divided by 263130.
5
Calculate the remainder when 3597015 is divided by 1708.
1675
Calculate the remainder when 383527 is divided by 1442.
1397
Calculate the remainder when 393803165 is divided by 4832.
4829
Calculate the remainder when 4974154 is divided by 583.
581
Calculate the remainder when 64159784 is divided by 17.
16
What is the remainder when 792361 is divided by 251?
205
Calculate the remainder when 233327 is divided by 77227.
1646
Calculate the remainder when 1694606 is divided by 17828.
946
What is the remainder when 81942 is divided by 8077?
1172
What is the remainder when 775888 is divided by 3374?
3242
Calculate the remainder when 16453687 is divided by 5058.
13
What is the remainder when 1995172 is divided by 43?
15
Calculate the remainder when 256136949 is divided by 42.
33
Calculate the remainder when 20453817 is divided by 1936.
1913
Calculate the remainder when 3365266 is divided by 361.
24
Calculate the remainder when 166108 is divided by 20551.
1700
What is the remainder when 3116475 is divided by 211?
5
Calculate the remainder when 235453 is divided by 421.
114
Calculate the remainder when 31363 is divided by 447.
73
What is the remainder when 95807 is divided by 95685?
122
Calculate the remainder when 74631326 is divided by 229.
226
Calculate the remainder when 1112551 is divided by 9271.
31
Calculate the remainder when 349945 is divided by 1316.
1205
Calculate the remainder when 439478 is divided by 192.
182
What is the remainder when 1874835 is divided by 22319?
39
What is the remainder when 1114839 is divided by 7192?
79
What is the remainder when 791472 is divided by 49462?
80
What is the remainder when 1778687 is divided by 2436?
407
What is the remainder when 26554434 is divided by 43?
42
What is the remainder when 41471740 is divided by 286?
24
What is the remainder when 129575 is divided by 3170?
2775
What is the remainder when 4151957 is divided by 4151580?
377
Calculate the remainder when 18054 is divided by 8297.
1460
Calculate the remainder when 10297013 is divided by 158.
153
What is the remainder when 2845988 is divided by 98?
68
Calculate the remainder when 62210 is divided by 12433.
45
Calculate the remainder when 43836558 is divided by 1753462.
8
What is the remainder when 31642826 is divided by 58?
56
What is the remainder when 125519 is divided by 634?
621
Calculate the remainder when 4218472 is divided by 1488.
1480
What is the remainder when 50357 is divided by 3104?
693
Calculate the remainder when 28499496 is divided by 17.
16
What is the remainder when 784664 is divided by 784256?
408
Calculate the remainder when 688980 is divided by 52.
32
What is the remainder when 74214 is divided by 6683?
701
What is the remainder when 116538 is divided by 19314?
654
What is the remainder when 687988 is divided by 2241?
1
Calculate the remainder when 1117364157 is divided by 15.
12
Calculate the remainder when 89863 is divided by 1177.
411
Calculate the remainder when 52308 is divided by 26118.
72
What is the remainder when 126713 is divided by 12662?
93
What is the remainder when 5211087 is divided by 815?
792
What is the remainder when 7439097 is divided by 1968?
57
What is the remainder when 955544 is divided by 142?
26
What is the remainder when 269880424 is divided by 10?
4
What is the remainder when 908844 is divided by 6782?
56
Calculate the remainder when 547702 is divided by 547689.
13
What is the remainder when 11848563 is divided by 3949520?
3
What is the remainder when 475 is divided by 86?
45
What is the remainder when 99750 is divided by 627?
57
Calculate the remainder when 8290 is divided by 3985.
320
What is the remainder when 436777 is divided by 436657?
120
Calculate the remainder when 197663004 is divided by 142.
140
Calculate the remainder when 84301 is divided by 1270.
481
Calculate the remainder when 1670235 is divided by 3014.
479
Calculate the remainder when 643000 is divided by 242.
6
Calculate the remainder when 5437087 is divided by 8957.
188
Calculate the remainder when 7792681 is divided by 1948163.
29
What is the remainder when 128915 is divided by 1938?
1007
Calculate the remainder when 371686064 is divided by 28591235.
9
What is the remainder when 466810 is divided by 466746?
64
What is the remainder when 4271845 is divided by 1535?
1475
What is the remainder when 59872313 is divided by 5987231?
3
What is the remainder when 24213812 is divided by 158?
154
Calculate the remainder when 928195 is divided by 2878.
1479
What is the remainder when 4515704 is divided by 106?
104
Calculate the remainder when 2427314 is divided by 127.
90
What is the remainder when 56139490 is divided by 382?
6
Calculate the remainder when 714484 is divided by 31064.
12
Calculate the remainder when 8399711 is divided by 68850.
11
What is the remainder when 6658167 is divided by 6?
3
Calculate the remainder when 39602 is divided by 1971.
182
What is the remainder when 732535 is divided by 1486?
1423
Calculate the remainder when 91400 is divided by 569.
360
Calculate the remainder when 1071749 is divided by 1179.
38
Calculate the remainder when 1083230 is divided by 192.
158
What is the remainder when 653041 is divided by 2060?
21
What is the remainder when 8568675 is divided by 116?
103
What is the remainder when 892021 is divided by 42377?
2104
What is the remainder when 26968 is divided by 26669?
299
Calculate the remainder when 206949 is divided by 20676.
189
Calculate the remainder when 135824854 is divided by 1